 v(l)?
-8
Let i = 214 - 196. Let y(q) = -10 - 11*q + i*q - 4*q. Give y(5).
5
Let q(x) be the second derivative of -x**3/3 + 5*x**2/2 - 5062*x - 4. Let d(t) = t**3 + 7*t**2 + 6*t + 6. Let v be d(-6). Calculate q(v).
-7
Let v(i) = -3*i + 49. Let c = 772 + -757. Give v(c).
4
Suppose 3*v + 2*h = 5*h + 3, 4 = -h. Let y(s) = s - 2. Let n be y(4). Let p(w) = -10*w + 3 + w**n - 3*w + 15*w - 2. Give p(v).
4
Let n = -4376 - -4379. Let z(b) be the first derivative of 4*b**2 + 10*b + 1/3*b**n - 26. Give z(-7).
3
Let z(c) = -2*c - 6. Let g be z(-3). Let s(t) = 7*t - 3*t - 5*t + 3 + g. Suppose -3*d + 0*u + 5*u + 43 = 0, -4*d + 29 = -u. Give s(d).
-3
Let k(s) = s + 3. Suppose -8*i - 497 = 399. Let j = i - -102. Give k(j).
-7
Let h = -1001 - -1000. Let x(a) = 1 + 117*a**2 - 125*a**2 - 3*a + 3*a. Give x(h).
-7
Let t(q) be the third derivative of 13*q**4/24 + 86*q**3/3 - 14213*q**2. Determine t(-14).
-10
Let z = 3387 + -3373. Let u(o) = o**2 - 18*o + 61. Give u(z).
5
Let n be 0 + 946/8 - 4/16. Suppose -42*r - n = 8. Let h(i) = -4*i - 1. What is h(r)?
11
Let z = 128 - 126. Let v be (z/(-4))/((-170)/(-60) + -3). Let y(k) = k - 6. Give y(v).
-3
Let y(j) = -j**2 + j + 15. Let x(g) be the second derivative of -2*g**3/3 - g - 102. Let h be x(0). Give y(h).
15
Suppose 101*v = -88*v + 189. Let y(k) = -10*k + 10. What is y(v)?
0
Suppose 19*w + 247 + 162 = 86. Let q(o) = -2*o**2 - 30*o + 57. What is q(w)?
-11
Suppose -254 - 61 = 35*z. Let s(b) = -b**3 - 11*b**2 - 18*b - 5. Calculate s(z).
-5
Let p(u) = 3*u**2 - 19*u + 22. Suppose 45*k - 15*k - 48 = 72. What is p(k)?
-6
Let g = -86906 - -86917. Let z = 4 + -2. Let b(i) = 7 + 10*i + 2*i**3 - i**3 - 7*i**2 - 5*i**z. Determine b(g).
-4
Let f be (15/(-6))/(-5) + 26/(-4). Let k be (f/12)/(1/(-8)). Let j(o) = -2*o + 2 - 5*o + k*o. What is j(6)?
-16
Suppose 578 + 334 - 58 = -61*r. Let z(c) = c**3 + 13*c**2 - 19*c - 28. Determine z(r).
42
Let s(k) be the third derivative of 0*k**3 - 89*k**2 + 0 - 1/24*k**4 + 0*k - 1/60*k**5. Calculate s(0).
0
Let h(x) = 14 - 1614*x + 801*x + 807*x. What is h(9)?
-40
Let h be (-2 - -2*1)/(3 - 7). Suppose f - 5*b - 2 = h, 14*b - 11*b - 6 = -3*f. Let g(i) = 3*i - 3. What is g(f)?
3
Let p(b) = 306*b + 32126. Let h be p(-105). Let n(g) be the first derivative of -g**3/3 - 2*g**2 + 6*g + 1. Determine n(h).
6
Let p(n) = n. Let u = 15 + -12. Suppose -4*l = -53 - u. Suppose l = -4*v + 6. What is p(v)?
-2
Let q(g) be the first derivative of -6*g**2 + 505*g + 1181. Determine q(42).
1
Let d(y) = 9*y + 12*y - 14*y - 10*y + 18. Calculate d(11).
-15
Let o(q) be the first derivative of 2*q**2 + 49*q + 1147. What is o(-15)?
-11
Let p(s) = -s**3 - 9*s**2 - 2*s - 9. Let v be 176/(-24) + (-45)/27 + 1. Determine p(v).
-57
Let w(v) be the first derivative of v**4/4 - 13*v**3/3 + v**2/2 - 16*v - 203. Let s(x) = -2*x - 3. Let t be s(-8). Determine w(t).
-3
Let g(f) = 29*f**2 - 6*f**2 - 4 - 6*f**2 - f**3 + 17*f - 14*f**2. What is g(5)?
31
Let v(y) = 5*y**3 - y**2 - y + 1. Let a(k) = -9*k**3 + 5*k**2 - 11*k + 7. Let t(h) = -a(h) - 2*v(h). What is t(-6)?
21
Suppose k = -22*p + 19*p - 12, 3*k = -3*p - 18. Let h(i) be the second derivative of -i**5/20 - i**4/6 + 2*i**3/3 + i**2/2 + i. Determine h(k).
-2
Let y(d) = 4*d. Let j = -1171 - -1169. Let g be 112/(-6) - 4/(-6). Let l be 0 + g/3*j/4. What is y(l)?
12
Let x(a) be the second derivative of -14*a + 1/3*a**3 + 0 - a**2. Let o = 22 + -19. What is x(o)?
4
Let k be (-28)/42*15/(-2). Suppose 2*t + 12 = k*t + 3*f, 2*t - 3*f - 3 = 0. Let g(q) = -6*q + q**3 - 6*q + t - 3*q**2 + 10*q. Give g(3).
-3
Suppose -5*r + 21 - 56 = 0. Let q be 0/((r/(-7))/((-1)/(-2))). Let t(y) = -y**2 + 12. Give t(q).
12
Let i(f) be the second derivative of -f**5/20 + 5*f**4/6 - 3*f**3/2 + 3*f**2/2 - f. Suppose -11224*z + 11227*z = 27. Calculate i(z).
3
Let w be (1 + 0 - 7/5)*-15. Let s(t) = -5*t + 17 + 3*t - 24 + 14. Calculate s(w).
-5
Let r(b) = 42*b**2 + 16*b + 6. Let c(a) = 6*a + 2. Let q(n) = 3*c(n) - r(n). What is q(1)?
-40
Let v(a) = 8*a + 358*a**2 - 175*a**2 - 55 - 182*a**2 + 58. Calculate v(-8).
3
Let p(h) = 29*h - 7 + 37*h - 11*h + 9 - 127*h. What is p(-1)?
74
Let n(x) be the third derivative of -3*x**4/4 + 17*x**3 + 21*x**2 - x. Calculate n(7).
-24
Suppose a - 3*g + 97 = 103, -10 = -4*a - 2*g. Let q(l) = -2*l**3 + l**2 + 3*l + 2. Determine q(a).
-34
Let m(h) be the third derivative of h**6/60 - 7*h**5/60 + 7*h**4/12 - 17*h**3/3 + 41*h**2 - 142*h. Determine m(3).
-1
Suppose 3*j + 12 = 0, 5*g = j - 2 - 39. Let i(n) = -n**2 - 7*n + 14. Determine i(g).
-4
Let r(s) be the first derivative of s**3/3 + 19*s**2/2 + 2*s + 5706. Determine r(-20).
22
Let b(q) = -8*q**2 + q + 8*q**2 - 2*q**2. Suppose 3*k - 154 = -187. Let m = k + 8. Calculate b(m).
-21
Let g be 2215*(-8)/(-80)*82. Let y(h) = 3 + 3*h**2 + g*h**3 - 10*h**2 - 18162*h**3 - 8*h. What is y(8)?
3
Let p = 103 - 176. Let y = p + 75. Let g(d) = -3 + 11*d - 8*d + 2 + 4*d**y - d**3 - 4. Determine g(4).
7
Let a(q) be the first derivative of -2*q**2 + 60*q - 1308. Give a(14).
4
Let y(n) = n - 4. Let u(j) be the first derivative of 65*j**4/4 - j**3/3 - j**2 - j + 20. Let g be u(-1). Let t be ((-16)/(-10))/(3 - g/(-25)). Give y(t).
0
Suppose 35*j + 80*j = 6*j + 545. Let n(r) = -3*r - 6 + 2 + 4*r. Determine n(j).
1
Let v(d) be the third derivative of -39*d**2 + 1/2*d**3 + 0*d + 0 + 7/24*d**4. Give v(3).
24
Let r(m) = m**2 + 5*m - 4*m + m**3 - 144 + 146. Let t be r(-2). Let x(g) = g**2 + 3*g + 6. Determine x(t).
10
Let x(k) = -k**3 + 19*k**2 - 87*k - 2. Let i be (2 + (-76)/16)/(46/(-184)). Determine x(i).
9
Let k be (-1)/((20/16)/(-5)). Suppose 5*b + 0*b - 40 = 0. Let v(d) = -d**3 + 8 - 11 - b*d**2 - 3*d + 12*d**2. Calculate v(k).
-15
Let g(o) = -3*o**3 - 2*o**2 - o. Let z(l) = -l**3 - l. Let w(p) = -g(p) + 4*z(p). Let x be (-516)/(-60) + (-4)/(-10). Suppose 0 = -a + x - 7. Calculate w(a).
-6
Let n(j) = 57*j - 139*j + 31*j + 4 + 106*j - 5*j**2 - 17. What is n(11)?
-13
Let c be ((-2091)/9)/17 - 20/(-12). Let r be ((-3)/(-3) - 1)*-1. Let g(m) = m + r + 7 - 6 + 7. Give g(c).
-4
Suppose -7*r - 200 = -47*r. Let b(u) be the second derivative of -u - 3/2*u**2 + 1/20*u**5 + 2/3*u**3 + 0 - 1/2*u**4. Give b(r).
-8
Let s(y) be the second derivative of -y**4/12 + y**3/3 - y**2/2 + 2*y. Let v be (-360)/160*(-4)/3. Determine s(v).
-4
Suppose -14 = -4*c + 10. Let q(v) be the third derivative of -v**4/24 - v**3/6 + 1143*v**2. Determine q(c).
-7
Let b(m) = 10*m**2. Let r be (-14)/(-35) - 173/(-5). Suppose 0 = 6*p + 5 - r. Suppose p*o + 2*z = 3, o = -5*z - 5 + 1. Calculate b(o).
10
Let f(k) = -k**2 + 2. Let d(n) = -4*n**2 - n + 9. Let a(r) = d(r) - 5*f(r). Let w(g) = 6*g**2 - 6*g - 7. Let s(t) = 5*a(t) - w(t). What is s(3)?
-4
Let r be (3/(-9))/(4/(-24)). Let m(z) = 6*z**3 - 3*z**r - 13*z**3 + 2 + 6*z**3. Let b(h) = 6*h**2 + 49*h + 10. Let w be b(-8). Determine m(w).
-18
Let x(h) = -h**2 + 7*h + 11*h - 8*h + 20990 - 21002. Calculate x(5).
13
Let b(v) = -v**3 + 14*v - 23. Suppose 2718*y - 14 = -5*l + 2720*y, -5*y = -4*l + 35. Calculate b(l).
-23
Let m(k) = 2*k**2 + 8*k + 21. Let b(u) = -461*u + 3218. Let i be b(7). Calculate m(i).
111
Suppose -4*o = 6*o + 60. Let g(s) = s**2 - 2. Let b be g(2). Let p(m) = -7*m**b - 9 + 4*m - 6*m - m**3 - 7*m. Calculate p(o).
9
Let l = -23614 + 23626. Let p(n) be the third derivative of n**6/120 - 11*n**5/60 - 11*n**4/24 - 13*n**3/6 - 2*n**2. Calculate p(l).
-1
Suppose 4*t + 31 = 8*t + 19. Let i(x) = -2*x - 4. Give i(t).
-10
Let g(l) = -l**2 + 9*l + 26. Let h(p) = 151*p - 3627. Let w be h(24). Give g(w).
-10
Let s(i) = -i - 9. Let o be s(-11). Let j(r) = 7 - 4 - 5*r - 3 + o. Determine j(-6).
32
Suppose -28*s + 17 + 5 = -34. Let r(f) = -23*f**2 - f + 8. What is r(s)?
-86
Let k(f) = 7*f + 5. Suppose 3*w - 2 = 32*h - 33*h, 2*h - 4*w - 4 = 0. Calculate k(h).
19
Let l(y) = 2*y**2 - 48*y + 239. Let v be l(17). Let j(c) = 7*c + 2. Calculate j(v).
9
Suppose -10*d = 1 - 21. Let r be (d + -7 - 5) + 0. Let k(n) = -n**3 - 9*n**2 + 10*n - 5. What is k(r)?
-5
Let s(a) = -3*a**2 - 27*a + 5. Suppose 4*j + o + 32 = 0, 225*o - 230*o = -3*j - 47. What is s(j)?
5
Let w(i) = -141*i. Let z be w(0). Let q(k) be the third derivative of -1/3*k**3 + 0*k + z + 1/24*k**4 + 26*k**2. Calculate q(6).
4
Let b(j) = 2*j**3 - 2*j**2 - 5. Let x be b(2). Let y(w) = 2*w - 4*w